 Give m(o).
3
Let m(x) = -x**2 + 3*x - 1. Let q = -45 + 49. Give m(q).
-5
Suppose 3*y - 16 = 7*y. Let p(n) = -n**3 - 5*n**2 - n + 2. Give p(y).
-10
Let s(a) = a**3 - a + 4. Let f be s(0). Suppose m = -4*q + 4, m - f*q + 2 = -2. Let b(h) = -h**3 - h**2 + 6. What is b(m)?
6
Let x = 3 - 5. Let u(f) = -4*f + 7*f - 2 + 0*f + f**2. Give u(x).
-4
Let u(z) be the third derivative of z**6/120 - 7*z**5/60 + 7*z**4/24 - z**3/6 + 4*z**2. What is u(6)?
5
Let k(p) = p**3 + 2. Let f be k(0). Let l(w) be the second derivative of 0*w**4 + 1/2*w**f - 1/10*w**5 + 0 - w - 1/3*w**3. Give l(1).
-3
Let l(p) = 3*p - 1. Let u(t) be the first derivative of 2*t**2 + 1/3*t**3 - 3*t + 1. Let a be u(-4). Calculate l(a).
-10
Let g(o) = -o**2 - 9*o - 3. Let h be g(-8). Let j(x) = -3*x**2 - 5*x - 8. Let r(a) = -7*a**2 - 10*a - 17. Let l(f) = h*j(f) - 2*r(f). What is l(-5)?
-6
Let a(c) = -c**2 + 7*c + 7. Suppose 13 = 2*j - 3. Give a(j).
-1
Let n(h) = h**3 + h**2 - h + 15. Let s(v) = v**2 + 21*v + 38. Let b be s(-19). Determine n(b).
15
Let x(r) = 4*r + 3. Let o(z) = z**2 + 22*z + 38. Let l be o(-20). What is x(l)?
-5
Let q(f) = -f**3 - 8*f**2 + 9*f + 4. Let m be (-27)/(-6)*2/(-1). Determine q(m).
4
Let p(d) = d**3 - 4*d**2 - 5*d + 2. Let i be p(5). Suppose 2*y + 4 = -i*n, 2*y - 12 = 3*n - y. Let b(k) = 3*k - 4. What is b(n)?
-13
Let p(a) = -5*a. Let k be -5 - -1 - 0/(-5). Let o(g) = 3 - 5*g**2 + 2 - g - g**3 - 2*g. Let u be o(k). Determine p(u).
-5
Suppose -3*z - 2*z + 60 = 0. Suppose 0*d = -4*d + z. Suppose -5 + 1 = -d*i - 2*g, -28 = -4*i + 3*g. Let a(v) = -v**2 + v + 4. Determine a(i).
-8
Let d(a) be the second derivative of -7*a**6/60 - a**3/6 + 5*a**2/2 - a. Let p(v) be the first derivative of d(v). What is p(-1)?
13
Let m(u) = -u**2 + 3*u + 2. Suppose 3*l - 9 = 0, -3*r + 4*l - 3*l + 9 = 0. Determine m(r).
-2
Let b be (20/2)/(-8 + 10). Let k = b - 9. Let h(q) = 3*q + 1. Calculate h(k).
-11
Suppose -4*g - 11 - 5 = 0. Let h = 0 - g. Let o(n) = h*n + 2*n**2 + 3*n**2 - 2*n**3 - 6*n**2 + 3. Calculate o(-2).
7
Let c(g) be the third derivative of -g**6/120 - g**5/10 - g**4/8 + g**3 + 3*g**2. Let y be (-1)/(-1) - 0 - -3. Suppose 9*q = y*q - 25. Give c(q).
-4
Let k = 1 + -1. Suppose k*q + q - 6 = 0. Let y(x) = x**3 - 5*x**2 - 7*x + 3. What is y(q)?
-3
Let q(z) = z**3 + 5*z**2 - 6*z + 3. Suppose -18 = s + 2*s. Let x be q(s). Let j(r) = -5*r + 0*r - x + 4. What is j(1)?
-4
Let y(k) = k**3 - 4*k**2 - k + 5. Let b be (-1)/(-1) - (-2 - 1). Suppose -g - b = -2*g. Give y(g).
1
Let a(z) = z**3 + 4*z**2 - 6*z + 1. Let i(q) = q**3 - 5*q**2 + 3*q - 1. Let b be i(4). Give a(b).
6
Let w(j) be the second derivative of -j**3/3 - 11*j**2/2 - 4*j. Give w(-8).
5
Let j(b) = -b**2 - 3*b. Suppose 33 = l + 10*l. Give j(l).
-18
Let z(p) = -p**3 + 4*p**2 - 3*p + 3. Let x(v) = -2*v - 15. Let h be x(-9). Calculate z(h).
3
Let i(u) = -14 + 15*u - 3*u - 14 - u**3 + 15 + 10*u**2. Give i(11).
-2
Let h(b) = -4*b - 11. Let u(q) = 9*q + 23. Let r(n) = 5*h(n) + 2*u(n). Calculate r(-7).
5
Let d(i) be the third derivative of i**5/60 - i**3/6 - i**2. Let z(m) = m + 4. Let g(y) = -y + 4. Let f be g(7). Let r be z(f). Give d(r).
0
Let g(a) = -4*a**3 - 4*a**2 - 5*a - 4. Let l(z) = -3*z**3 - 4*z**2 - 4*z - 3. Let t(n) = 2*g(n) - 3*l(n). Determine t(-3).
4
Let r be 4*(1/(-4))/1. Let w(d) be the second derivative of -1/2*d**2 + 0 + 1/6*d**4 + 0*d**3 - d. Give w(r).
1
Let l(y) be the third derivative of y**7/2520 - y**6/720 - y**5/15 + 5*y**4/24 + 3*y**2. Let i(g) be the second derivative of l(g). Give i(0).
-8
Let q(y) be the first derivative of -7*y**2/2 + 10*y - 3. Let f(o) = -6*o + 9. Let k be -10*(-2)/8*-2. Let s(b) = k*f(b) + 4*q(b). Calculate s(4).
3
Let i(c) = c**2 + 5*c + 4. Suppose 3*m - 4 = s, 5*m - 6 = s + 2. Let d be 1 + (1 - 5 - m). Calculate i(d).
4
Let s(f) = 3 - 2*f**2 - 3*f - 6 + f**2. Suppose -4*k = -8, 2*k = 4*i - 0*k + 20. Calculate s(i).
-7
Let a(p) = -p**3 - 2*p**2. Let i(x) = x**3 + 5*x**2 - 1. Let l be i(-5). Determine a(l).
-1
Let w = -10 + 14. Let i(j) = j**2 + j + 4*j - 3 - w*j. Let t be -2*(1 + 1 - 0). Give i(t).
9
Let z(o) = o**3 + 3*o**2 + o - 8*o**2 + o + 2*o. Let d(v) = v**3 - 5*v**2 + 4*v - 1. Let f(u) = -3*d(u) + 2*z(u). Suppose 4*y - 3*y - 2 = 0. Give f(y).
7
Let w(y) = -y - 1. Let h be w(-3). Let k(p) = -1 - 4*p**3 - h - 5*p**2 + 0 + 4*p + 3*p**3. Determine k(-6).
9
Let c(q) = -q**3 + q - 3. Suppose -2*u = -w - 9, w + 4*w + 2*u = 3. Let h be (-1 + 1)*w/(-2). Suppose 1 = -2*i + i - z, -5*i + 3*z + 3 = h. Determine c(i).
-3
Let l(t) = -4*t**2 - 3*t + 4 - 1 + t**2 + 2*t**2. Let s(c) = c**2 + 2*c - 1. Let p be s(-3). Let q be -2 - (1 + p) - -2. Determine l(q).
3
Let k(f) = -18*f**2 - 3 - 1 - 22*f**2 + 5*f + 41*f**2. What is k(3)?
20
Let p = -11 + 3. Let g be 1/(-4) + 38/p. Let v(n) = 2*n + 2. Determine v(g).
-8
Let y(f) = f - 9. Let j = -39 + 48. Give y(j).
0
Let g(r) = -r**2 - 5*r - 4. Let o be g(-3). Let t(a) = -a + o + 0*a - a + a. Calculate t(-4).
6
Suppose 3*m - 10 = 8*m. Let n(v) = 13*v - 3. Let o(f) = -27*f + 7. Let y(c) = m*o(c) - 5*n(c). Give y(1).
-10
Suppose -o - 4*o + 25 = 0. Let z(p) be the first derivative of -5/2*p**2 - 5 + 1/3*p**3 + 2*p. Calculate z(o).
2
Let w = 30 - 23. Let a(y) = -y**2 + 5*y + 3. Calculate a(w).
-11
Suppose 3*o = -o. Suppose 0 = -2*n + 1 + 1, o = -2*h + 2*n. Let u(w) = 3 - w - 3 + 2*w. Determine u(h).
1
Let c(i) = 2*i**2 - 6*i + 1. Let w(y) = y - 1. Suppose -1 = 3*l + 5. Let j(q) = l*w(q) - c(q). Calculate j(3).
-5
Let p = 4 - 2. Suppose 0 = -3*g + p*g + 1. Let b(v) = -11*v + 1. Determine b(g).
-10
Let n(r) = 5*r**3 - 2*r**2 + r. Let w(a) = 2*a**2 + 4*a - 3. Let p be w(2). Suppose -3*j + 1 = -v - 0, -5*j + p = 4*v. Determine n(j).
4
Let s be 4 - (0 + 2) - -4. Let d(f) = f + 1. Let q(p) = -2*p - 5. Let g(i) = 3*d(i) + q(i). Determine g(s).
4
Let k(v) = -v**2 + 9*v - 16. Let j be k(3). Let y(x) = -5*x + 3. Calculate y(j).
-7
Let p(q) = q**2 + 8*q. Suppose 6 = -3*c + 4*d, -4*c = -0*c + 4*d + 36. Determine p(c).
-12
Suppose 4*m - 62 = 2*b, -4*b + 15 = 3*m - 37. Suppose m = -a - 3*a. Let w(p) = p**3 + 3*p**2 - 2*p + 1. What is w(a)?
-7
Let o(l) = -2*l + 0*l**3 + 57*l**2 + 4*l**3 + 1 - 56*l**2. Determine o(-2).
-23
Let z = 1 + -2. Let b(i) = i**2 + i + 1. Let s be b(z). Let o be (-3)/2*(s + -3). Let d(h) = h**3 - 2*h**2 - 5*h + 4. Calculate d(o).
-2
Let h(y) = -y**3 - 7*y**2 - 5*y + 2. Let x be h(-6). Let f = x + 10. Let s(p) = 9 - 6 + 5 - p. Give s(f).
2
Let p(r) be the first derivative of -r**5/60 + 7*r**4/24 - r**3/3 - 2*r**2 + 4. Let u(v) be the second derivative of p(v). Calculate u(6).
4
Let i(b) = -b + b - 1 + b**2. Suppose 6 = l - g, 2*l + g = -3*g - 12. Suppose 3*p + 2*v - 10 = 0, -p + 2*v - 6 = -l*v. Determine i(p).
3
Let n(k) = k + 1. Suppose 2*i - 2*f = 16, 4*f + 0*f + 2 = -i. What is n(i)?
7
Let g(v) = 8*v + 1. Suppose 5*i - 4*q - 23 = 0, 0 = -i + 2*q - q + 5. Suppose -4*a + 3*m = -0 + 1, -i*m - 1 = -5*a. Suppose -a - 3 = -5*h. Calculate g(h).
9
Let z(t) = -4*t**2 - 4*t - 1. Let n(g) = -5*g**2 - 4*g. Let r(k) = 2*n(k) - 3*z(k). Let h(j) be the first derivative of r(j). Calculate h(-3).
-8
Let o(x) = 15*x**3 - 7*x**2 - 13*x + 25. Let m(r) = 7*r**3 - 4*r**2 - 6*r + 12. Let g(a) = -13*m(a) + 6*o(a). What is g(10)?
-6
Suppose b - 35 = 6*b + l, -b + 4 = -2*l. Let o(k) = 3*k + 5. Calculate o(b).
-13
Let i be (16/(-56))/((-24)/14). Let f(l) be the second derivative of l + 0 + i*l**3 - 1/2*l**2. What is f(-4)?
-5
Let p(o) = 3*o**2 - 3*o. Let n(t) = -t**3 + 7*t**2 - 5*t - 4. Let m be n(6). Suppose 4*l = 5*l - m. What is p(l)?
6
Let g(u) = -u**3 + 5*u**2 - 4*u + 3. Let h be g(4). Suppose -12 = 4*v - h*l, -6 = 3*v - l - 2*l. Let b be (4/v)/(4/12). Let t(q) = -q + 1. What is t(b)?
3
Let f be (9/(-18))/((-2)/8). Let q(p) = 6*p - p - 3 - f*p. What is q(-4)?
-15
Let p(c) = c**3 - c - 1. Let k(r) = 5*r**3 - 4*r**2 - 7. Let n(g) = k(g) - 4*p(g). Let b = -95 + 98. Determine n(b).
0
Suppose -d = -2*d - 4. Suppose 5*v + 0 - 10 = -5*z, -11 = -v + 2*z. Let n(a) = 9*a + 7. Let s(i) = -5*i - 4. Let t(m) = v*s(m) + 3*n(m). Calculate t(d).
-7
Suppose d = 2*d, 12 = -4*m - d. Let w = 1 + m. Let p(o) = 5*o + 0*o + 1 - 2*o. Give p(w).
-5
Let a be 0 + -14 + -1 + 3. Let z = a + 8. Let f(v) be the first derivative of v**2 + 6*v + 1. What is f(z)?
-2
Let t(w) = 1 + 13*w**2 - w*